 - 3?
-15461210
In base 10, what is -4 + 9285894?
9285890
In base 8, what is 105245 + 13304?
120551
In base 15, what is -21438dc7 + 1?
-21438dc6
In base 6, what is -34 + 11430543?
11430505
In base 6, what is -115520525 - 321?
-115521250
In base 6, what is -322520432 + 1145?
-322515243
In base 4, what is 1 - 2310311232202?
-2310311232201
In base 10, what is -6 - 287327?
-287333
In base 11, what is 9 + a8a5648?
a8a5656
In base 6, what is 3231 + -124303?
-121032
In base 5, what is -43013044 + 4231?
-43003313
In base 15, what is 462 + -12a515?
-12a0a3
In base 11, what is -3a47955 - -9?
-3a47947
In base 8, what is -3 + -107303000?
-107303003
In base 9, what is 345042 + 14?
345056
In base 13, what is 7 + 1a4aa68?
1a4aa72
In base 13, what is -264 + b037?
aaa3
In base 6, what is -3251035003 - -1?
-3251035002
In base 14, what is -4aa3 + 535?
-456c
In base 14, what is -73aa32a + -3?
-73aa32d
In base 6, what is -4 - 45051252?
-45051300
In base 8, what is 4 + -321504742?
-321504736
In base 12, what is -1a16b64a + -2?
-1a16b650
In base 6, what is 0 - 11041101?
-11041101
In base 14, what is -1 - c7cb46?
-c7cb47
In base 3, what is 2121101 + -12002121?
-2111020
In base 6, what is -335 - -355014?
354235
In base 14, what is 61 + 7471?
74d2
In base 10, what is -236 - -22022?
21786
In base 9, what is 252474 - 844?
251530
In base 10, what is 390 - 911118?
-910728
In base 2, what is -110101100 + 10011100010010100?
10011011011101000
In base 14, what is -257c6 + -1675?
-2705b
In base 2, what is 10111001011100111100010100 + -10?
10111001011100111100010010
In base 8, what is -2321324340 + 1?
-2321324337
In base 6, what is 2 - 25511313514?
-25511313512
In base 4, what is -11 - 23002302012232?
-23002302012303
In base 16, what is -1a - 33d76e?
-33d788
In base 16, what is 30584aa + -3?
30584a7
In base 12, what is -3b964a + -75?
-3b9703
In base 16, what is 4 + b6cd9?
b6cdd
In base 14, what is 12385b0 - -3d?
123860d
In base 15, what is 10 + -79ecb4?
-79eca4
In base 13, what is 219b + 4c8?
2696
In base 2, what is 10010010011 + 11110111000?
110001001011
In base 6, what is -11033 - -2021104?
2010031
In base 10, what is -561520 + 1?
-561519
In base 12, what is -b149 + 6238?
-4b11
In base 2, what is 1010101000101 + -110110101010?
11110011011
In base 6, what is -105350 + 520202?
410412
In base 16, what is -a4e62a + 0?
-a4e62a
In base 6, what is -4530 - -120215?
111245
In base 3, what is 10100212222 - 21201?
10100121021
In base 16, what is e5151 + -b?
e5146
In base 12, what is 2b7341 + -13?
2b732a
In base 8, what is -6 - 61631737?
-61631745
In base 15, what is -1 + -15ca1b?
-15ca1c
In base 8, what is 371225 - 1331?
367674
In base 16, what is 4 - 546b05e?
-546b05a
In base 5, what is 100213 - -2301?
103014
In base 14, what is -953770 + -20?
-953790
In base 13, what is -842 - -43423?
428b1
In base 10, what is 4 + 1438044?
1438048
In base 13, what is 24c7418 + -2?
24c7416
In base 9, what is 1 - 657646577?
-657646576
In base 15, what is -6563b + a?
-65631
In base 10, what is -1408491399 + 4?
-1408491395
In base 9, what is 61405 + 216?
61622
In base 12, what is -8 - -6bb246?
6bb23a
In base 10, what is 321892 - 2337?
319555
In base 13, what is b187ac - -2?
b187b1
In base 16, what is 7 + 8c922?
8c929
In base 8, what is -212 - -11670?
11456
In base 6, what is 354010 + -1240?
352330
In base 16, what is -9a17a4 + -5?
-9a17a9
In base 2, what is -1101 - 11101010110111000010111?
-11101010110111000100100
In base 9, what is 5515672 + 10?
5515682
In base 9, what is 5 - 1823603?
-1823587
In base 7, what is -113112555 + 25?
-113112530
In base 10, what is -5 - -1032279?
1032274
In base 15, what is 5 - 1157ee69?
-1157ee64
In base 11, what is -1196 - -33a?
-957
In base 9, what is 1251524 + -11?
1251513
In base 3, what is 200021002122101 + -1102?
200021002120222
In base 15, what is -4b8c9 + -43e?
-4bd18
In base 6, what is 3144003 + -505?
3143054
In base 5, what is -1 + 31414331?
31414330
In base 15, what is 3b4e - -6294?
9de3
In base 2, what is 10110100010111010110001 + -11?
10110100010111010101110
In base 12, what is 504 + -270ab?
-267a7
In base 15, what is -c8 + -1c5e0a?
-1c5ed3
In base 2, what is 1111010111011111 - 10111101111111?
1100011001100000
In base 11, what is -694 - -58a36?
58352
In base 15, what is -1 + -267dea1?
-267dea2
In base 10, what is -94332 - 395?
-94727
In base 5, what is 133004234 + -3213?
133001021
In base 4, what is -221101100110023 + -1?
-221101100110030
In base 14, what is 3438b8 - -c9?
3439a3
In base 16, what is 1adc980 - -5?
1adc985
In base 6, what is 210 + -2044210?
-2044000
In base 2, what is 100111000110011001011 + 110?
100111000110011010001
In base 8, what is -2013606516 - -3?
-2013606513
In base 2, what is 111011001 + -1111111001100?
-1110111110011
In base 7, what is -24 - -11303521?
11303464
In base 5, what is -3113001032 - 10?
-3113001042
In base 13, what is -28 + -bc53a?
-bc565
In base 9, what is 227248 - -20?
227268
In base 7, what is 326363 - -5163?
334556
In base 15, what is 2 + 367823?
367825
In base 2, what is -1011 + 10011011100011001100100?
10011011100011001011001
In base 11, what is -12789 - -25a?
-1252a
In base 10, what is -15856 + 221?
-15635
In base 5, what is -1 + -33410220101?
-33410220102
In base 13, what is -717 - -1c52?
1538
In base 7, what is -102 - 410141?
-410243
In base 3, what is 21112 - -111021220001?
111022011120
In base 6, what is -4321123 + 54?
-4321025
In base 16, what is 60153 - -c?
6015f
In base 6, what is -12520153501 - 0?
-12520153501
In base 2, what is -111000 + -110111101100110110?
-110111101101101110
In base 15, what is 72db5b0 - 1?
72db5ae
In base 7, what is -243434 - -20065?
-223336
In base 11, what is 8208 + -85?
8133
In base 11, what is -15 - -2587711?
25876a7
In base 7, what is 460510254 - 0?
460510254
In base 5, what is 20 + -32244010?
-32243440
In base 14, what is 31 + -1521960?
-152192d
In base 10, what is -38057307 + -5?
-38057312
In base 11, what is 3 + 22a5310?
22a5313
In base 7, what is 4 - 10001254101?
-10001254064
In base 11, what is 7 + 85461?
85468
In base 8, what is -135216400 + 113?
-135216265
In base 10, what is -4886096 - 5?
-4886101
In base 7, what is -16 + 102025146?
102025130
In base 11, what is 243051aa + 3?
24305202
In base 13, what is -15615 - -5061?
-10584
In base 10, what is -138 - -2843780?
2843642
In base 4, what is 10 + -133030210013?
-133030210003
In base 14, what is a3799 - -3b?
a37d6
In base 7, what is 120560361 + -143?
120560215
In base 10, what is 3 + -47328911?
-47328908
In base 7, what is -2 - 2060630?
-2060632
In base 5, what is -310113 + 10421?
-244142
In base 9, what is -10116 + -106531?
-116647
In base 2, what is 11101111000010100 - -111110011110?
11110110110110010
In base 15, what is -2 + -10ceb48?
-10ceb4a
In base 7, what is -231212 - -2532?
-225350
In base 8, what is -1 - -23616757?
23616756
In base 5, what is 1333230340342 + 4?
1333230340401
In base 4, what is 30003 + -1111313003?
-1111223000
In base 7, what is -101553366150 + 3?
-101553366144
In base 5, what is -22444220123 + 2?
-22444220121
In base 2, what is -11100011110100100101 - 11?
-11100011110100101000
In base 12, what is -26 - b753a?
-b7564
In base 13, what is -cc4 + -30b6?
-40aa
In base 14, what is -32 + 243162?
243130
In base 15, what is 3abdae4 + -5?
3abdade
In base 2, what is 10011 + 10110000001101101?
10110000010000000
In base 9, what is -5 + 4336880?
4336874
In base 4, what is 10333 + -1120223?
-1103230
In base 3, what is -121101110 - 211112?
-122012222
In base 7, what is -605030663 - -4?
-605030656
In base 8, what is 210526620 - -5?
210526625
In base 7, what is -25 + -20425443?
-20425501
In base 5, what is 32 + 23440224430?
23440230012
In base 3, what is 222121 + 120002212?
121002110
In base 8, what is 22235 + -1463?
20552
In base 5, what is 2030121213 + 211?
2030121424
In base 2, what is -1011100010 + -10010111011101011001?
-10010111101000111011
In base 16, what is -c1 + 2e4f1?
2e430
In base 5, what is 12303322300 - 1?
12303322244
In base 8, what is -14662 + 26172?
11310
In base 13, what is 14a03a2a - 4?
14a03a26
In base 12, what is -31894 + 15?
-3187b
In base 5, what is 41 + -1021223210?
-1021223114
In base 15, what is 81c62ba - 5?
81c62b5
In base 12, what is -36a + 519b?
4a31
In base 4, what is -2013320 - 2220102?
-10